43 + -4?
2435
In base 4, what is 11013 + -2?
11011
In base 2, what is 11 + -1010011?
-1010000
In base 12, what is -198 - 63?
-23b
In base 4, what is 21 - -132?
213
In base 9, what is -28 + 2?
-26
In base 8, what is -3 - 736?
-741
In base 6, what is 404 - -133?
541
In base 2, what is -10101111000 - 10000?
-10110001000
In base 11, what is 1 - 1440?
-143a
In base 15, what is -4 - -1351?
134c
In base 15, what is -73 + b?
-67
In base 14, what is 2771 - -6?
2777
In base 14, what is 1 - -5b?
5c
In base 9, what is 37 + 42?
80
In base 8, what is 2 + 116?
120
In base 5, what is 10 + -2240?
-2230
In base 10, what is 62 - 5?
57
In base 12, what is -27 + -4?
-2b
In base 10, what is -3 + 2771?
2768
In base 15, what is 1 + 44?
45
In base 14, what is d - 189?
-17a
In base 4, what is -130 - -11?
-113
In base 9, what is 25 + -8?
16
In base 14, what is 9d - 12?
8b
In base 6, what is -3 - -1122?
1115
In base 3, what is -22 - 10?
-102
In base 3, what is -1 - -11?
10
In base 9, what is -2288 + -3?
-2302
In base 13, what is 11 + -356?
-345
In base 14, what is 265 - -5?
26a
In base 11, what is 5 - 8a?
-85
In base 6, what is 0 + 1043?
1043
In base 15, what is 4 + 8b7?
8bb
In base 2, what is -100 + 101010101110?
101010101010
In base 2, what is 1101001110 - -10?
1101010000
In base 10, what is 4752 + 3?
4755
In base 7, what is -55 - -2?
-53
In base 3, what is -1010020 - 11?
-1010101
In base 10, what is 4 - 583?
-579
In base 8, what is 4 - -23?
27
In base 14, what is -1 - 36?
-37
In base 14, what is 4 - -41?
45
In base 11, what is -3 + -75?
-78
In base 11, what is 5 + -1434?
-142a
In base 14, what is 8c - -14?
a2
In base 16, what is 2 - 3?
-1
In base 4, what is 22 + 230?
312
In base 5, what is 43 + 10?
103
In base 13, what is c - -7?
16
In base 12, what is -23 - -2?
-21
In base 3, what is 11012 - 12?
11000
In base 2, what is -11 + -1110101?
-1111000
In base 13, what is -12 - -1?
-11
In base 6, what is 1430 - 3?
1423
In base 12, what is 11 + -11?
0
In base 4, what is 1010332 - 3?
1010323
In base 13, what is -5 - 58?
-60
In base 9, what is 18 - 0?
18
In base 11, what is -9a + -2?
-a1
In base 13, what is -6 - b75?
-b7b
In base 11, what is -5 + -10?
-15
In base 13, what is -1 - -221?
220
In base 9, what is 4 + 3338?
3343
In base 2, what is 10111 + 1011?
100010
In base 13, what is 0 - 12c?
-12c
In base 11, what is 21 - 157?
-136
In base 12, what is -4 + 23?
1b
In base 14, what is -2c9 - -1?
-2c8
In base 8, what is 3147 - 4?
3143
In base 10, what is -121 + 5?
-116
In base 12, what is -22 + 3?
-1b
In base 10, what is -752 - -1?
-751
In base 10, what is -77 + 0?
-77
In base 7, what is 46 + 246?
325
In base 4, what is 12 - -110230?
110302
In base 13, what is 4 - 10a?
-106
In base 3, what is 11111 - -110?
11221
In base 10, what is 4 - -478?
482
In base 16, what is 32 + -1?
31
In base 9, what is -851 + 1?
-850
In base 7, what is 104 - 3?
101
In base 6, what is -21 + 220?
155
In base 11, what is -21 - -1a?
-2
In base 15, what is 17 - -21?
38
In base 8, what is -24 - 20?
-44
In base 15, what is 7d + 1b?
99
In base 7, what is -3123 - 4?
-3130
In base 10, what is -22 + 166?
144
In base 8, what is -40 - 172?
-232
In base 2, what is -10010100101 + -100?
-10010101001
In base 12, what is 158 - a?
14a
In base 7, what is 1426 - -13?
1442
In base 4, what is 1 + 321?
322
In base 14, what is 1 - 1ba?
-1b9
In base 5, what is -22303 + -3?
-22311
In base 5, what is -33 + 2?
-31
In base 6, what is -4 + -45?
-53
In base 13, what is -2 - -1aa?
1a8
In base 2, what is -1001011 - -10?
-1001001
In base 7, what is 346 + 4?
353
In base 16, what is 2 + 88?
8a
In base 5, what is -32311 + 0?
-32311
In base 5, what is -34 + 1?
-33
In base 14, what is -d + -7?
-16
In base 16, what is 49 - 5?
44
In base 7, what is 36 + 13?
52
In base 14, what is 17 - 1?
16
In base 12, what is -13bb + -3?
-1402
In base 3, what is -1011 - -220?
-21
In base 6, what is 355 + 0?
355
In base 3, what is 21 - 2?
12
In base 14, what is -11 - 5?
-16
In base 13, what is 5 + -b3?
-ab
In base 12, what is 4 + 230?
234
In base 15, what is 3 + -4ce?
-4cb
In base 11, what is -657 - -10?
-647
In base 16, what is -2 + -1c9?
-1cb
In base 12, what is 691 - 2?
68b
In base 15, what is 314 - -1?
315
In base 15, what is 1 + 0?
1
In base 2, what is -1111 + -10010?
-100001
In base 14, what is 19 + 52?
6b
In base 7, what is -11 - 115?
-126
In base 16, what is 9a - -3?
9d
In base 6, what is 5 - -53?
102
In base 14, what is 4 + -4?
0
In base 4, what is 2013 + -30?
1323
In base 8, what is 25 + 27?
54
In base 5, what is 4 + -110013?
-110004
In base 6, what is -2 - 324?
-330
In base 2, what is -11 - 110000001?
-110000100
In base 8, what is -5 + 7460?
7453
In base 7, what is 2220 + 32?
2252
In base 16, what is 84 + 4?
88
In base 5, what is -3 + -42332?
-42340
In base 2, what is -1000111 - -1?
-1000110
In base 9, what is 76 - 5?
71
In base 4, what is -22 - -311?
223
In base 14, what is 5 - dd?
-d8
In base 4, what is 2310 + 10?
2320
In base 10, what is -310 + -2?
-312
In base 4, what is -11011 + -1123?
-12200
In base 16, what is 2 - 14?
-12
In base 10, what is -8806 + 3?
-8803
In base 16, what is 66d + 2?
66f
In base 14, what is 86 - 69?
1b
In base 6, what is 1010 - -110?
1120
In base 15, what is 2 + -62?
-60
In base 11, what is -113 + -8?
-120
In base 11, what is 130 + 5?
135
In base 11, what is -2 + 303a?
3038
In base 15, what is 0 + -282?
-282
In base 10, what is -2 + -191?
-193
In base 6, what is -415 + -43?
-502
In base 8, what is -3 - -102?
77
In base 13, what is 132 - 0?
132
In base 15, what is -16 + -85?
-9b
In base 2, what is 101 + -100110111?
-100110010
In base 4, what is 33 - 133113?
-133020
In base 6, what is -130 + -152?
-322
In base 13, what is 63 + 33?
96
In base 3, what is 10222 - 20?
10202
In base 16, what is 87 - 8c?
-5
In base 9, what is 72 + -11?
61
In base 13, what is 6a + 17?
84
In base 11, what is 33 - -1?
34
In base 8, what is -1 + 35?
34
In base 15, what is 1b + -1e?
-3
In base 9, what is 301 + -5?
285
In base 14, what is 6 - 18?
-12
In base 6, what is 10 - -221?
231
In base 6, what is -310 + 10?
-300
In base 10, what is -672 - -2?
-670
In base 8, what is 1334 - -10?
1344
In base 14, what is -4 + -3a?
-40
In base 15, what is -2 - 57?
-59
In base 16, what is 168 - 0?
168
In base 3, what is 111221121 + 12?
111221210
In base 3, what is -1011 - 11?
-1022
In base 8, what is 2 + -5?
-3
In base 12, what is -14 - b3?
-107
In base 15, what is 1 - -4ce?
4d0
In base 4, what is 212 - 11?
201
In base 3, what is 1121 - -21?
1212
In base 3, what is 12022 + -11?
12011
In base 4, what is 13012 + 13?
13031
In base 16, what is cc + -1?
cb
In base 16, what is -270 - 3?
-273
In base 5, what is 31 + 3?
34
In base 14, what is -b + -5?
-12
In base 7, what is 5 + 122?
130
In base 14, what is -35 + -a?
-41
In base 15, what is 5 - -61c?
622
In base 14, what is 3b8 + 7?
3c1
In base 14, what is -2 - 78?
-7a
In base 12, what is -38 - -1?
-37
In base 7, what is 634 + 5?
642
In base 16, what is 17 + 12?
29
In base 7, what is -1116 + 14?
-1102
In base 5, what is 1100 + -3?
1042
In base 2, what is 10001100100 - 10?
10001100010
In base 14, what is 19c8 - 2?
19c6
In base 5, what is 41 + -114?
-23
In base 5, what is 10 + -11431?
-11421
In base 8, what is 133 - 4?
127
In base 10, what is -122 + 3?
-119
In base 6, what is -2322 + -42?
-2404
In base 15, what is -5 - cb8?
-cbd
In base 13, what is -2b - 46c?
-49a
In base 12, what is 966 - -1?
967
In base 9, what is 33 + 6?
40
In base 2, what is 0 + 111101?
111101
In base 7, what is 1230 + 0?
1230
In base 6, what is -1 - 1355?
-1400
In base 10, what is 8 + -518?
-510
In base 12, what is -11 + 3?
-a
In base 10, what is 94 + -61?
33
In base 3, what is -202002 + -11?
-202020
In base 5, what is -14 + 320?
301
In base 9, what is -2 + 1546?
1544
In base 7, what is 22 - -34?
56
In base 2, what is -101 - 1100100?
-1101001
In base 4, what is -112 - 1312?
-2030
In base 8, what is -26 + 11?
-15
In base 6, what is 100 + 13?
113
In base 16, what is 1097 - -3?
109a
In base 13, what is 800 + -1?
7cc
In base 8, what is 26 + -162?
-134
In base 14, what is 866 + 4?
86a
In base 8, what is 150 - -3?
153
In base 8, what is -10051 + -1?
-10052
In base 16, what is 4 - -15a?
15e
In base 2, what is 0 + 101?
101
In base 5, what is 211 - -1?
212
In base 